
2, 19, 191
List the prime factors of 20292789.
3, 11, 55903
What are the prime factors of 510803?
510803
What are the prime factors of 5656868?
2, 7, 202031
List the prime factors of 682547.
682547
What are the prime factors of 6815710?
2, 5, 11, 61961
List the prime factors of 257050.
2, 5, 53, 97
List the prime factors of 503410.
2, 5, 50341
What are the prime factors of 70342?
2, 35171
What are the prime factors of 1857930?
2, 3, 5, 17, 3643
What are the prime factors of 6254240?
2, 5, 39089
What are the prime factors of 5084495?
5, 13, 19, 23, 179
List the prime factors of 5333553.
3, 197539
List the prime factors of 38524348.
2, 557, 17291
List the prime factors of 7256333.
7, 1036619
What are the prime factors of 9706?
2, 23, 211
What are the prime factors of 2843451?
3, 13, 8101
List the prime factors of 7990938.
2, 3, 443941
List the prime factors of 2670411.
3, 17, 52361
List the prime factors of 463659.
3, 7, 22079
What are the prime factors of 473818?
2, 236909
List the prime factors of 4050340.
2, 5, 7, 4133
List the prime factors of 92345.
5, 11, 23, 73
List the prime factors of 292855.
5, 37, 1583
What are the prime factors of 1843857?
3, 47, 1453
What are the prime factors of 4545477?
3, 17, 3301
What are the prime factors of 9327788?
2, 23, 53, 1913
List the prime factors of 444916.
2, 111229
What are the prime factors of 10050662?
2, 367, 13693
What are the prime factors of 1408110?
2, 3, 5, 11, 17, 251
What are the prime factors of 58330?
2, 5, 19, 307
List the prime factors of 1593535.
5, 47, 6781
List the prime factors of 304131.
3, 101377
What are the prime factors of 883020?
2, 3, 5, 14717
List the prime factors of 33907298.
2, 16953649
List the prime factors of 185814.
2, 3, 31, 37
What are the prime factors of 4284?
2, 3, 7, 17
List the prime factors of 1443895.
5, 17, 16987
List the prime factors of 106778.
2, 7, 29, 263
List the prime factors of 735429.
3, 43, 5701
What are the prime factors of 32451739?
32451739
List the prime factors of 1143840.
2, 3, 5, 2383
What are the prime factors of 14817485?
5, 2963497
List the prime factors of 207480.
2, 3, 5, 7, 13, 19
List the prime factors of 151378.
2, 75689
What are the prime factors of 338247?
3, 7, 13, 59
List the prime factors of 153044.
2, 38261
What are the prime factors of 300319?
300319
What are the prime factors of 4973606?
2, 11, 331, 683
What are the prime factors of 988997?
829, 1193
What are the prime factors of 15344242?
2, 53, 144757
What are the prime factors of 64400?
2, 5, 7, 23
List the prime factors of 150437.
7, 21491
List the prime factors of 171482.
2, 179, 479
List the prime factors of 15072679.
733, 20563
What are the prime factors of 637189?
7, 227, 401
List the prime factors of 12043199.
7, 1720457
What are the prime factors of 542469?
3, 19, 31, 307
List the prime factors of 52883.
52883
List the prime factors of 312274.
2, 193, 809
List the prime factors of 537426.
2, 3, 73, 409
List the prime factors of 513063.
3, 109, 523
What are the prime factors of 7075796?
2, 7, 13, 2777
List the prime factors of 9831039.
3, 1103, 2971
What are the prime factors of 14327046?
2, 3, 795947
What are the prime factors of 490193?
11, 44563
List the prime factors of 150745.
5, 7, 59, 73
What are the prime factors of 4766224?
2, 297889
List the prime factors of 208674.
2, 3, 11593
List the prime factors of 271094.
2, 89, 1523
List the prime factors of 3636725.
5, 17, 43, 199
List the prime factors of 5699394.
2, 3, 316633
List the prime factors of 13122224.
2, 43, 19073
List the prime factors of 156713.
67, 2339
List the prime factors of 1045182.
2, 3, 174197
What are the prime factors of 8420230?
2, 5, 7, 13, 19, 487
What are the prime factors of 7195619?
23, 193, 1621
List the prime factors of 15576744.
2, 3, 419, 1549
List the prime factors of 7293025.
5, 291721
List the prime factors of 54425.
5, 7, 311
What are the prime factors of 11926837?
13, 70573
List the prime factors of 7643271.
3, 2547757
What are the prime factors of 10875844?
2, 7, 7927
What are the prime factors of 498693?
3, 13, 19, 673
List the prime factors of 3301677.
3, 366853
What are the prime factors of 2138926?
2, 1069463
List the prime factors of 985089.
3, 7, 61, 769
List the prime factors of 1839456.
2, 3, 2129
What are the prime factors of 8651481?
3, 2883827
What are the prime factors of 308239?
241, 1279
List the prime factors of 3385312.
2, 7, 17, 127
What are the prime factors of 65900?
2, 5, 659
What are the prime factors of 115198?
2, 239, 241
What are the prime factors of 31712056?
2, 3964007
List the prime factors of 25578877.
37, 271, 2551
List the prime factors of 8805680.
2, 5, 13, 8467
What are the prime factors of 767435?
5, 153487
What are the prime factors of 1766421?
3, 65423
List the prime factors of 2987056.
2, 23, 8117
What are the prime factors of 89587?
101, 887
List the prime factors of 443831.
23, 839
List the prime factors of 249593.
249593
List the prime factors of 1926180.
2, 3, 5, 29, 41
What are the prime factors of 11280031?
7, 1611433
What are the prime factors of 434785?
5, 13, 6689
What are the prime factors of 1242008?
2, 155251
What are the prime factors of 2296266?
2, 3, 7, 54673
List the prime factors of 127882.
2, 43, 1487
List the prime factors of 2032881.
3, 677627
List the prime factors of 1236406.
2, 19, 32537
List the prime factors of 230145.
3, 5, 67, 229
What are the prime factors of 689711?
11, 62701
What are the prime factors of 347250?
2, 3, 5, 463
List the prime factors of 10927770.
2, 3, 5, 7, 17, 3061
List the prime factors of 635898.
2, 3, 105983
What are the prime factors of 9807678?
2, 3, 47, 11593
List the prime factors of 46360.
2, 5, 19, 61
What are the prime factors of 301397?
19, 29, 547
List the prime factors of 797364.
2, 3, 23, 107
What are the prime factors of 4171265?
5, 7, 119179
What are the prime factors of 4959357?
3, 13, 127163
List the prime factors of 36076271.
7, 11, 191, 223
What are the prime factors of 581134?
2, 19, 41, 373
List the prime factors of 23082915.
3, 5, 23, 2909
What are the prime factors of 773498?
2, 11, 35159
List the prime factors of 165087.
3, 13, 17, 83
List the prime factors of 506277.
3, 17, 1103
What are the prime factors of 6137664?
2, 3, 13, 2459
List the prime factors of 7693908.
2, 3, 73, 8783
What are the prime factors of 2476847?
23, 113, 953
List the prime factors of 6484757.
19, 341303
What are the prime factors of 301280?
2, 5, 7, 269
What are the prime factors of 1009987?
11, 17, 491
What are the prime factors of 18619?
43, 433
What are the prime factors of 15226864?
2, 109, 8731
List the prime factors of 1633935.
3, 5, 108929
List the prime factors of 39208047.
3, 641, 20389
List the prime factors of 141163.
11, 41, 313
What are the prime factors of 4650877?
7, 11, 17, 19
What are the prime factors of 226459?
433, 523
What are the prime factors of 4850377?
7, 19, 36469
List the prime factors of 3372210.
2, 3, 5, 89, 421
What are the prime factors of 16058995?
5, 43, 113, 661
What are the prime factors of 792404?
2, 17, 43, 271
List the prime factors of 1423083.
3, 523, 907
What are the prime factors of 6365340?
2, 3, 5, 35363
List the prime factors of 667746.
2, 3, 37097
What are the prime factors of 3439850?
2, 5, 89, 773
What are the prime factors of 30288914?
2, 41, 229, 1613
What are the prime factors of 13824304?
2, 13, 66463
List the prime factors of 32620675.
5, 157, 8311
What are the prime factors of 2924039?
881, 3319
What are the prime factors of 333461?
139, 2399
List the prime factors of 2946870.
2, 3, 5, 137, 239
List the prime factors of 2778138.
2, 3, 11, 1559
List the prime factors of 413704.
2, 51713
List the prime factors of 2568182.
2, 29, 44279
List the prime factors of 3058898.
2, 1529449
List the prime factors of 2930005.
5, 13, 45077
List the prime factors of 2294628.
2, 3, 7, 59, 463
List the prime factors of 120717.
3, 17, 263
What are the prime factors of 1933686?
2, 3, 35809
List the prime factors of 3932462.
2, 79, 24889
What are the prime factors of 5061363?
3, 97, 17393
What are the prime factors of 85435?
5, 7, 2441
What are the prime factors of 249741?
3, 27749
What are the prime factors of 37735176?
2, 3, 199, 7901
What are the prime fact